13 - 12) + -8 - (-2 + 1)
-10
Evaluate -51 + 59 + 0 + (-2 - 14).
-8
What is the value of -13 + 14 - -4 - -3?
8
Evaluate 16 - (-17 + 26 - -15).
-8
What is the value of (13 - 20) + 0 + 4?
-3
Calculate -3 - (-10 + -4) - (-20 + 17).
14
-3 + -3 + (2 - (-1 - 11))
8
What is the value of 1 + (-3 - (-14 - -23))?
-11
Evaluate (-29 - -34) + 11 - -5.
21
What is the value of -4 - (-11 + 0 - -7) - -7?
7
(-9 - ((-3 - 7) + (-13 - -19))) + 16
11
(3 - 3) + (20 - (5 - -4))
11
Evaluate -7 + -7 - -11 - (1 - (1 + 7)).
4
What is the value of 28 + -84 + 60 + (2 - -9 - 1)?
14
What is the value of (-5 - -20) + -21 + 24?
18
Calculate 14 + -2 - (-23 + 0 + 17).
18
(-2 - (1 - -21)) + (1000 - 983)
-7
What is 99 - (27 + 9) - 40?
23
What is the value of (-4 - (0 - 10)) + (11 - 9) + -10?
-2
Evaluate 0 + (-2 + 3 - 1 - 7) + -2.
-9
-9 + (3 - -2) + (-3 - -23)
16
What is (6 - 6) + 4 - (21 - (4 + -7))?
-20
What is (-26 - -3) + 12 + (2 + -12 - -27)?
6
Calculate 13 + -46 + 10 - 16.
-39
5 - ((0 - -1) + (8 - (-6 + -6)))
-16
Evaluate -8 - ((-10 - -2) + -128 + 137).
-9
Evaluate 0 - (19 + -27 + 3).
5
Evaluate 22 + -11 + -40 + 16.
-13
59 + -43 + -37 + (0 - 5)
-26
What is (2 - (5 - (-4 + 9))) + -15?
-13
What is the value of 21 - -2 - (4 - (2 - 8))?
13
What is the value of -14 - (-12 - -22 - 19)?
-5
Evaluate 39 + -60 + 24 - -36.
39
What is the value of 13 + -24 + 12 + 9?
10
What is 19 + -16 - (-4 + (4 - -1) - -4)?
-2
-15 + -1 + 9 - (6 + -3)
-10
Evaluate -2 + (12 - -5 - 6) - 19 - -9.
-1
What is -26 + (-9 - -49) - (-2 - -31)?
-15
What is the value of 68 + (-52 - (10 - 35))?
41
Calculate 9 - (6 + (22 - 27)).
8
What is the value of (-1 + 10 - -1) + -29 + 31 + -1?
11
4 + -21 + 22 + 2 + (5 - 1)
11
(-8 - 4) + 10 + 13
11
Evaluate -15 + (-6 - -10) + 3 + -11 + 4.
-15
1 - 31 - (67 + -36 - 44)
-17
What is -3 - 5 - (13 - (30 - 8))?
1
What is the value of -1 + (13 - (1 + 5 + 1))?
5
Evaluate -3 - (21 - (23 - 8)).
-9
Calculate -15 + (-7 - -6 - 0) + 0.
-16
What is 7 + (-3 - -2) + 23 + -11 + -19?
-1
Calculate 0 - (8 + -5 - 3).
0
What is 1 - (-9 + (-9 - -10 - -7))?
2
What is -11 + (2 - 13 - (-8 + -30 + 35))?
-19
Evaluate -7 + 3 + 14 - 1.
9
-4 + -1 - (-52 - (29 - 61))
15
What is (1 - -2) + (-5 + 0 - 8)?
-10
What is the value of 25 + 14 + (12 - 29) + 11?
33
What is 41 + -10 + (30 - 52)?
9
Evaluate -5 + (3 + 1 - -2) + 15 + -5.
11
Calculate (795 - 805) + (-1 - 2).
-13
What is (-1 + -4 - 5) + -7 - 4?
-21
Calculate 10 + 24 + (4 - (14 + 2)).
22
What is the value of 1 + -5 - (13 - 5 - 9)?
-3
What is the value of 9 + (-18 - (-17 - -1))?
7
-1 + -38 + (15 - -11)
-13
What is the value of (4 - (-2 + 5 - -7)) + -3 + 5?
-4
Evaluate (3 + 9 - 3) + 2.
11
What is the value of 7 + 31 + (15 - 27)?
26
What is (-1 - (-2 - -1)) + (-9 - 3 - -11)?
-1
Evaluate -1 + (-30 - (17 - 34)).
-14
What is the value of 5 + (-4 - (4 - 5) - -5)?
7
8 + -9 - 21 - (11 + -22)
-11
Evaluate (34 - (10 - -20)) + 1.
5
What is (4 - (-4 - -3 - -4)) + 9?
10
Evaluate 6 + (-9 + 1 - -7).
5
What is the value of 4 + 9 + (-11 - -8)?
10
What is the value of -2 - (-1 + 0 + 2) - (-581 + 577)?
1
Calculate 3 - (-3 + 3 + 3 + -3).
3
Calculate 0 + -4 + (-6 - 0).
-10
Calculate 3 + -11 - (-1 + -5) - 2 - 0.
-4
What is the value of -8 + (14 - (4 - -10)) + -3 + 28?
17
Evaluate -2 - (6 + (5 - 10)) - -6.
3
Calculate (3 - (-4 - 0 - -15)) + 5 + -9.
-12
5 - (0 - 1) - (-50 - -43)
13
What is -14 + -5 + (-29 - -36) - -22?
10
Evaluate -4 + (-2 - (7 - (-11 - -15))) + -9.
-18
What is the value of -2 + (0 - -8) - (5 - 4 - 11)?
16
What is the value of 4 - (0 - 2 - 2 - (3 - 32))?
-21
-42 + (-4 - -9 - -12) - -6
-19
Evaluate (23 - 9) + -6 - 0.
8
What is the value of -8 - (2 - 13) - (-3 - -14)?
-8
93 + -86 - (1 + 18)
-12
Calculate (-6 + 40 - 14) + -21 + 6.
5
Evaluate 37 + (-15 - 5) - 4.
13
What is (-154 - -167) + (-11 - 1) - -7?
8
What is the value of 44 + -38 - (-31 - -11)?
26
What is the value of -16 + (29 - (-8 + 22)) + (-6 - 1)?
-8
Evaluate -15 + (29 - 3) - 36.
-25
Calculate ((8 - 6) + (11 - 1) - 1) + -45.
-34
What is the value of -7 - (-38 - ((-5 - -5) + -12))?
19
Calculate (-6 - -39) + (-2 - 43).
-12
Calculate -21 + (10 + -18 - -7) + 8.
-14
-570 + 582 + (1 - 4)
9
Calculate 2 - (0 - -1) - (-391 + 389).
3
Calculate (21 - 15) + (2 + -6 - -13).
15
What is -3 + (-13 - -30) + (-4 - 14)?
-4
-18 + (-65 - -87) + (-12 - -3)
-5
Evaluate 2 + 21 + -4 - (-9 - (-9 - -3)).
22
Evaluate -10 - (-16 - -1) - (-1 - (-2 + 7)).
11
What is the value of (-3 + 6 - 11) + -3 + -4 + 8?
-7
What is the value of -1 - (4 + 0 + -6 + 0 + 9)?
-8
What is the value of -10 - (-12 + 10 + 9 - 15)?
-2
Evaluate -8 - ((-9 - -2) + 27 + -16).
-12
6 - (5 + -9 - (3 - (-8 + 15)))
6
Evaluate 8 + (5 - 9) + -7 + -7.
-10
(24 + -16 - (6 - 1)) + 15
18
Calculate (-3 - 7) + 8 + -6 + 9.
1
Evaluate -2 - (-1 - 12) - (8 + 1 - 5).
7
What is the value of -13 - (-10 + -6) - (23 - 5)?
-15
What is 5 + -1 - (-2 + (2 - -8) + 9)?
-13
What is the value of (5128 - 5122) + (-24 - (0 + 1))?
-19
What is the value of 29 + 0 + (-26 - -19)?
22
-1 + 2 + (393 - 361)
33
8 - (0 + 14) - (4 - 10)
0
What is -457 - -420 - (0 + -37)?
0
3 - (-10 + 1 + 4)
8
Evaluate 153 + -176 + (1 - -8).
-14
What is 7 - (8 - -4) - -18?
13
Calculate (-24 - -2 - (4 - 14)) + -15.
-27
6 - 3 - -7 - (16 + 25 + -8)
-23
Calculate (47 - 31 - -9) + -37.
-12
What is the value of 26 - (-22 + 37) - (4 + -2 + -2)?
11
What is -11 + (3 - (-5 - (2 + -2)))?
-3
What is the value of (-1 + 1 + 0 - (4 - -1)) + 3?
-2
What is the value of 17 + (2 + 14 - 37) - -15?
11
What is 15 + 2 + (-136 - -133) + -29?
-15
(56 - 101 - -46) + -23 + 0
-22
What is the value of 24 - -9 - 4 - (4 + -5 - -8)?
22
What is the value of (2 - 4) + 0 + -20 - -11?
-11
Evaluate 1 + (-5 - 0) - (488 + -490).
-2
What is the value of -6 + (-5 - (-5 - (0 - -6))) + -11?
-11
What is (0 - -9) + (36 - -9 - 31)?
23
Calculate -9 + (-2 - (-9 + -4)).
2
What is -20 - (5 + 8 + -50)?
17
What is the value of 2 + -11 + 15 + (13 - -2 - 2)?
19
What is the value of 5 - ((9 - 4) + 10) - -5?
-5
7 - (-25 - (5 - 22))
15
What is the value of 0 + -12 + (3 - (1 - -6))?
-16
What is -25 + -14 + 32 + -5?
-12
What is the value of 38 + (17 - 34) - 10?
11
Calculate -29 + (-5 - -6) + 13 + 22.
7
Evaluate -1 - 0 - ((4 - 4) + (-4 - -2)).
1
What is -18 + 4 - -4 - (5 + -11)?
-4
-19 - (-12 - (-19 + 12) - (1 + 0))
-13
-23 + -22 + 0 + 18
-27
What is (1 - 11) + (8 - (-4 - (26 + -16)))?
12
Calculate (2 - (-26 + 41)) + 3 + 14.
4
-4 - -11 - (32 - (-5 + 0 + 12))
-18
What is 1 - (37 - (31 + -11))?
-16
Calculate -1 + 3 - (-38 + 34 - (2 + 0)).
8
Calculate 0 + (7 + -12 - (1 - -1)).
-7
What is the value of (-2 - 0) + (40 - (60 - 10)) - -2?
-10
What is 4 + (-11 - -3) + 9 + -12?
-7
What is (-56 + 26 - 14) + 73?
29
Evaluate 9 + (11 + -29 - (-2 - 5)) + -1.
-3
Calculate 17 - (46 + 1 - 18).
-12
What is 2 - 22 - (59 - 81)?
2
-102 + 94 + (14 - 1 - 1)
4
What is the value of 12 - (-3 - (11 + -21 + 2))?
7
25 + -26 + (15 - -5)
19
What is (-12 - -20) + 11 - 11?
8
Evaluate (-73 - -70) + (0 - (1 + 19)).
-23
Calculate 18 + -1 + 19 + (20 - 43).
13
What is the value of 0 + -2 + 1 + -1 - (54 - 55)?
-1
What is the value of 18 + -36 - -28 - 0?
10
Calculate 2 - -9 - (3 + (29 - -1)).
-22
12 - (2 + 25 + -9)
-6
40 + -14 + (0 - -10) - 13
23
Evaluate -7 + (12 - 8) - -8.
5
-33 + 51 + -3 + (-2 + -1 - -4)
16
Calculate 0 + (-1 - 1) - (38 - 5 - 52).
17
25 + -3 - (-255 - -273)
4
Evaluate 9 - ((-9 - -8) + (-8 - -9 - 5)).
14
Calculate 2 - -2 - (-1 + -3 + 0 - -28).
-20
(57 - 7 - 46) + (-15 - (-1 + 1))
-11
(-5 - (-8 + 2) - (9 + 11)) + 3
-16
What is the value of -33 + (0 + 13 - (32 - 35))?
-17
What is 9 - (35 + (-6 - 5 - 0))?
-15
Calculate 14 + (13 - 16) + -9 + 11.
13
What is the value of -3 - (8 + -6) - (-3 - 13)?
11
(1 + -5 - 10) + 13
-1
Calculate (-5 - -29 - 18) + -20.
-14
Evaluate 10 + -31 - (-11 + (-7 - -6)).
-9
What is 15 + 0 - 20 - 10?
-15
What is 7 - 5 - 6 - -4 - (8 + -21)?
13
What is the value of -5 - (-3 + -6 + (-3 - -10)) - -18?
15
What is -25 - (-2 + -4 - 6)?
-13
Calculate -11 + 24 - -6 - 1 - -7.
25
Evaluate 6 + -2 + 10 + -21.
-7
Calculate (10 - 29 - -23) + 13.
17
Evaluate (4 - 1 - 0) + (28 + -16 - -4).
19
What is the value of 670 + -684 + (3 + -3 - (-1 - -8))?
-21
What is the value of (-15 - -1) + 190 + -186?
-10
What is the value of -8 - -17 - (-1 + 0 + 3 + 3)?
4
Evaluate 17 + -34 + 10 + 1.
-6
Calculate ((14 - 2) + -3 